9?
48
In base 11, what is 3849 - -4?
3852
In base 7, what is -5 - 5?
-13
In base 6, what is 1 + -1144?
-1143
In base 6, what is -13242 - -3?
-13235
In base 2, what is 1011100111 - -110?
1011101101
In base 11, what is -190 + 5?
-186
In base 9, what is 45877 + 1?
45878
In base 2, what is -10010111110 - 10?
-10011000000
In base 14, what is -170b - 4?
-1711
In base 13, what is 0 + 16ab?
16ab
In base 3, what is 210 + 10020?
11000
In base 6, what is 10 + -305?
-255
In base 11, what is 11 - 24?
-13
In base 8, what is 36 + -125?
-67
In base 11, what is -5 + -171?
-176
In base 5, what is -310 - 11?
-321
In base 4, what is 222013 - -10?
222023
In base 11, what is -826 + 3?
-823
In base 2, what is 100 + 11101000?
11101100
In base 13, what is -1c + -168?
-187
In base 5, what is 131 - 14?
112
In base 8, what is 76 + -14?
62
In base 9, what is 5 - 4718?
-4713
In base 10, what is 4 + -3898?
-3894
In base 13, what is -b - -268?
25a
In base 14, what is -6 + 10?
8
In base 3, what is -22221100 + 1?
-22221022
In base 13, what is 1ab + 16?
1c4
In base 2, what is -1111 + -101?
-10100
In base 10, what is 270 - -5?
275
In base 12, what is -33 + -18?
-4b
In base 15, what is -499e - -4?
-499a
In base 7, what is 5 + 662?
1000
In base 8, what is -31 + 34?
3
In base 10, what is 1 - -57?
58
In base 8, what is -6 + -1220?
-1226
In base 8, what is -1 - -7?
6
In base 7, what is -26 + 20?
-6
In base 8, what is 2 - 21?
-17
In base 9, what is -1 + -26?
-27
In base 5, what is 4 - 4014?
-4010
In base 4, what is -3202 - 1?
-3203
In base 10, what is -874 - 5?
-879
In base 2, what is -1011101010 + -101?
-1011101111
In base 11, what is -106 - 0?
-106
In base 12, what is -5 - 31?
-36
In base 9, what is 5 - -45?
51
In base 13, what is -3 + 9ab?
9a8
In base 6, what is 333 - 100?
233
In base 2, what is 11011001100 + -1?
11011001011
In base 3, what is 101 + 201?
1002
In base 12, what is 162 + -7?
157
In base 15, what is 4 - -3?
7
In base 5, what is -1 + -44123?
-44124
In base 16, what is -2 - -1a1?
19f
In base 14, what is -d + -14?
-23
In base 11, what is 188 + 72?
24a
In base 12, what is 258 - 4?
254
In base 9, what is -46 - 53?
-110
In base 3, what is -112 - -1?
-111
In base 5, what is -224124 + -2?
-224131
In base 15, what is -b + 751?
745
In base 5, what is -2 - -32?
30
In base 6, what is -1234 - -5?
-1225
In base 8, what is -2 + 1063?
1061
In base 10, what is -169 + 3?
-166
In base 4, what is -130231 + -10?
-130301
In base 6, what is -5053 - -10?
-5043
In base 9, what is 6467 - 0?
6467
In base 4, what is -3 + -12232?
-12301
In base 14, what is 2 + -242c?
-242a
In base 7, what is -45 - -5?
-40
In base 8, what is 24 - 310?
-264
In base 13, what is 40 + -a?
33
In base 14, what is -32 + 46?
14
In base 15, what is b6 + -18?
9d
In base 2, what is 100000010 + -10?
100000000
In base 2, what is -10 - -1001010111?
1001010101
In base 6, what is 25 - -550?
1015
In base 8, what is 2 + -12577?
-12575
In base 2, what is 11 - 1000000001?
-111111110
In base 12, what is 4 - 17?
-13
In base 12, what is -5 + -159a?
-15a3
In base 16, what is b - -50?
5b
In base 13, what is -411 + -4?
-415
In base 4, what is -1210 + -3?
-1213
In base 14, what is -211 - -1?
-210
In base 2, what is -1101000111 - 1?
-1101001000
In base 14, what is -14 + 2?
-12
In base 4, what is -10112 - 11?
-10123
In base 9, what is 41 - 25?
15
In base 11, what is -83 - 28?
-100
In base 6, what is 231 - 53?
134
In base 3, what is -1200 + 100?
-1100
In base 15, what is -1e - -5c?
3d
In base 9, what is -817 - 2?
-820
In base 3, what is -1 + 2101?
2100
In base 9, what is -286 - 0?
-286
In base 10, what is 37 + -169?
-132
In base 15, what is -4 - -3d0?
3cb
In base 3, what is 10 + -21?
-11
In base 2, what is -10111000 - -1?
-10110111
In base 4, what is 11023 - -3?
11032
In base 13, what is -8 - -60a?
602
In base 15, what is -4 + 90?
8b
In base 11, what is 20 + 24?
44
In base 11, what is 41 - -6?
47
In base 11, what is -164 - -a?
-155
In base 11, what is 224 - a?
215
In base 8, what is 3670 + 0?
3670
In base 6, what is 4320 + -13?
4303
In base 11, what is -4 - -167?
163
In base 4, what is -10131 + -111?
-10302
In base 12, what is 65 + 2b?
94
In base 13, what is -175 - 5?
-17a
In base 6, what is -3 + 1051?
1044
In base 6, what is -100 - 212?
-312
In base 15, what is 0 - 47?
-47
In base 2, what is -111 + -10101011?
-10110010
In base 9, what is 13 - 77?
-64
In base 3, what is 10 + 220?
1000
In base 9, what is 5 - 23?
-17
In base 9, what is -23086 + -4?
-23101
In base 7, what is 4 - 2342?
-2335
In base 16, what is 5 - -7c?
81
In base 3, what is 1 + 1220202?
1220210
In base 11, what is -103 + -8?
-110
In base 12, what is 50 + 13?
63
In base 3, what is -11 + 1220?
1202
In base 5, what is -20 - 10?
-30
In base 16, what is -1c7 + 5?
-1c2
In base 16, what is -25 - -1?
-24
In base 9, what is 37 - 34?
3
In base 5, what is -1443 - -23?
-1420
In base 4, what is 202230 + -3?
202221
In base 4, what is -330003 - 2?
-330011
In base 13, what is 2702 - -5?
2707
In base 5, what is -101 - 4?
-110
In base 3, what is 22 + -120201?
-120102
In base 6, what is -543 + -3?
-550
In base 14, what is -1 - -8a5?
8a4
In base 5, what is 3 - -23422?
23430
In base 6, what is 1 - 22?
-21
In base 2, what is -1 + 110010010?
110010001
In base 13, what is 0 - 7?
-7
In base 10, what is -68 + -2?
-70
In base 7, what is -604 - 4?
-611
In base 7, what is 0 - -2?
2
In base 11, what is -7094 + -1?
-7095
In base 3, what is 1 - 11120?
-11112
In base 15, what is 77c + -5?
777
In base 14, what is -4 + -17?
-1b
In base 16, what is 14 - 2f?
-1b
In base 11, what is -5 - -1?
-4
In base 3, what is -110 - -22?
-11
In base 2, what is 1010 + 10010111?
10100001
In base 6, what is -341 + -12?
-353
In base 2, what is -1000100 + -10?
-1000110
In base 9, what is 4166 - -11?
4177
In base 6, what is 10 - -145?
155
In base 8, what is 410 - 4?
404
In base 14, what is -4 + -257?
-25b
In base 8, what is 104 - 10?
74
In base 15, what is -e85 + -5?
-e8a
In base 16, what is 50 - -e?
5e
In base 4, what is -1211222 - -3?
-1211213
In base 14, what is 2 - -45?
47
In base 10, what is 1177 + -3?
1174
In base 8, what is -11 - -2241?
2230
In base 8, what is -76 - -1?
-75
In base 7, what is 13 - 1?
12
In base 10, what is -23 - 17?
-40
In base 16, what is a64 + -1?
a63
In base 12, what is 1566 + -2?
1564
In base 9, what is 12262 + 3?
12265
In base 13, what is 53 + -6?
4a
In base 11, what is 1 + 9a?
a0
In base 10, what is -5 + 2363?
2358
In base 9, what is -81 + 7?
-73
In base 11, what is -1 + 753?
752
In base 5, what is 1 + 3024?
3030
In base 5, what is 100204 + 1?
100210
In base 2, what is 110110011 - 10001?
110100010
In base 14, what is -31 - 18?
-49
In base 9, what is -85 - 4?
-100
In base 4, what is 1102 + 10213?
11321
In base 3, what is -2 + -20122101?
-20122110
In base 12, what is -b8b4 - 3?
-b8b7
In base 5, what is -32 + 300?
213
In base 5, what is 43212 + 10?
43222
In base 16, what is 11b - 0?
11b
In base 7, what is -4 + 14331?
14324
In base 15, what is -131 - c?
-13d
In base 5, what is -2014 - 0?
-2014
In base 14, what is -3 + 3b?
38
In base 10, what is -6 + 253?
247
In base 13, what is 8ca - 1?
8c9
In base 8, what is -25431 + 4?
-25425
In base 12, what is a + -81?
-73
In base 16, what is -27 + 63?
3c
In base 5, what is 2433 - -1?
2434
In base 7, what is -5 - 122?
-130
In base 9, what is 68 + -134?
-55
In base 14, what is 25 - -30?
55
In base 10, what is -29 + -20?
-49
In base 13, what is 5 + 692?
697
In base 14, what is -13a - 4?
-140
In base 13, what is 4 + -3c?
-38
In base 11, what is 1a06 - -1?
1a07
In base 3, what is -220220 - 2?
-220222
In base 12, what is 5 - a9?
-a4
In base 5, what is 23330 - 2?
23323
In base 15, what is -48 - -18?
-30
In base 12, what is -8 - 189a?
-18a6
In base 2, what is -10 - 10001000?
-10001010
In base 8, what is -3631 + -5?
-3636
In base 9, what is -5 + 204?
188
In base 3, what is 11 - -10100020?
10100101
In base 5, what is -14 - -2110?
2041
In base 10, what is -11 - -8?
-3
In base 14, what is 551 + -2?
54d
In base 11, what is -79 + 141?
73
In base 12, what is -151 - a?
-15b
In base 10, what is 0 - 493?
-493
In base 12, what is -4a6 - 5?
-4ab
In base 3, what is 0 + -1001101?
-1001101
In base 10, what is -4 + 10?
6
In base 6, what is 4 - 345?
-341
In base 12, what is 219a + -2?
2198
In